{"id":7181,"date":"2026-02-23T15:03:28","date_gmt":"2026-02-23T14:03:28","guid":{"rendered":"https:\/\/fred-bois.com\/?post_type=product&#038;p=7181"},"modified":"2026-02-23T15:03:32","modified_gmt":"2026-02-23T14:03:32","slug":"pellet-ardenforest-palette-de-70-sacs-de-15-kg","status":"publish","type":"product","link":"https:\/\/fred-bois.com\/?product=pellet-ardenforest-palette-de-70-sacs-de-15-kg","title":{"rendered":"Pellet Ardenforest \u2013 Palette de 70 sacs de 15 kg"},"content":{"rendered":"\n<h2 class=\"wp-block-heading\">Pellet Ardenforest \u2013 Palette de 70 sacs de 15 kg<\/h2>\n\n\n\n<p>Les\u00a0pellets Ardenforest\u00a0sont certifi\u00e9s DIN Plus, fabriqu\u00e9s en Champagne Ardenne avec un m\u00e9lange de bois r\u00e9sineux et feuillus, avec un fort pouvoir calorifique.<\/p>\n\n\n\n<p>Ces pellets sont de bonne qualit\u00e9 et conviennent parfaitement \u00e0 tous les syst\u00e8mes de chauffage \u00e0 pellet comme les po\u00eales, les inserts et les chaudi\u00e8res.<\/p>\n\n\n\n<p>Le 100 % r\u00e9sineux n\u2019est pas une obligation, n\u2019h\u00e9sitez plus, testez le m\u00e9lange de bois. Il n\u2019encrassera pas votre chauffage mais vous offrira une chaleur constante et une mont\u00e9e rapide en temp\u00e9rature.<\/p>\n\n\n\n<p>Et oui, il est possible de se chauffer avec un pellet qui n\u2019est pas 100 % r\u00e9sineux !!<\/p>\n\n\n\n<p><strong>Un m\u00e9lange de feuillus avec du r\u00e9sineux<\/strong>&nbsp;permet d\u2019obtenir une colle naturelle sur les pellets pour ne pas qu\u2019ils se cassent lors de la compression et du voyage vers la vis sans fin.<\/p>\n\n\n\n<p>L\u2019origine du bois est tr\u00e8s importante pour l\u2019environnement, plus vous choisissez un pellet proche de chez vous et moins il y aura de CO2.<\/p>\n\n\n\n<p>Pour avoir un bon pellet, il faut avoir un taux d\u2019humidit\u00e9 &lt; 10%, un taux de cendre &lt; 0,7%, un taux de poussi\u00e8res &lt; 0,5 % et un pouvoir calorique &gt; 4,6 kWh\/kg.<\/p>\n\n\n\n<h3 class=\"wp-block-heading\">Fiche technique<\/h3>\n\n\n\n<figure class=\"wp-block-table\"><table class=\"has-fixed-layout\"><thead><tr><th><strong>Caract\u00e9ristique<\/strong><\/th><th><strong>D\u00e9tail<\/strong><\/th><\/tr><\/thead><tbody><tr><td><strong>Composition<\/strong><\/td><td>R\u00e9sineux et feuillus<\/td><\/tr><tr><td><strong>Certificats<\/strong><\/td><td>DIN Plus, PEFC<\/td><\/tr><tr><td><strong>Pouvoir calorifique<\/strong><\/td><td>Sup\u00e9rieur \u00e0 5 kWh\/kg<\/td><\/tr><tr><td><strong>Taux d\u2019humidit\u00e9<\/strong><\/td><td>Inf\u00e9rieur \u00e0 10\u202f%<\/td><\/tr><tr><td><strong>Taux de cendres<\/strong><\/td><td>Inf\u00e9rieur \u00e0 0,7\u202f%<\/td><\/tr><tr><td><strong>Taux de poussi\u00e8re<\/strong><\/td><td>Inf\u00e9rieur \u00e0 0,5\u202f%<\/td><\/tr><tr><td><strong>Diam\u00e8tre<\/strong><\/td><td>6 mm<\/td><\/tr><tr><td><strong>Conditionnement<\/strong><\/td><td>Palette<\/td><\/tr><tr><td><strong>Origine<\/strong><\/td><td>France<\/td><\/tr><\/tbody><\/table><\/figure>\n","protected":false},"excerpt":{"rendered":"<p>Les granul\u00e9s de bois ARDENFOREST sont DIN Plus et fabriqu\u00e9s en Champagne Ardenne. Ces pellets sont constitu\u00e9s de 70 % de bois de r\u00e9sineux et 30 % de bois de feuillus pour une chaleur constante et une bonne combustion.<\/p>\n","protected":false},"featured_media":7210,"comment_status":"open","ping_status":"closed","template":"","meta":[],"product_brand":[],"product_cat":[57],"product_tag":[58],"class_list":{"0":"post-7181","1":"product","2":"type-product","3":"status-publish","4":"has-post-thumbnail","6":"product_cat-granules-de-bois-pellets","7":"product_tag-granules-de-bois-pellets","9":"first","10":"instock","11":"shipping-taxable","12":"purchasable","13":"product-type-simple"},"_links":{"self":[{"href":"https:\/\/fred-bois.com\/index.php?rest_route=\/wp\/v2\/product\/7181","targetHints":{"allow":["GET"]}}],"collection":[{"href":"https:\/\/fred-bois.com\/index.php?rest_route=\/wp\/v2\/product"}],"about":[{"href":"https:\/\/fred-bois.com\/index.php?rest_route=\/wp\/v2\/types\/product"}],"replies":[{"embeddable":true,"href":"https:\/\/fred-bois.com\/index.php?rest_route=%2Fwp%2Fv2%2Fcomments&post=7181"}],"wp:featuredmedia":[{"embeddable":true,"href":"https:\/\/fred-bois.com\/index.php?rest_route=\/wp\/v2\/media\/7210"}],"wp:attachment":[{"href":"https:\/\/fred-bois.com\/index.php?rest_route=%2Fwp%2Fv2%2Fmedia&parent=7181"}],"wp:term":[{"taxonomy":"product_brand","embeddable":true,"href":"https:\/\/fred-bois.com\/index.php?rest_route=%2Fwp%2Fv2%2Fproduct_brand&post=7181"},{"taxonomy":"product_cat","embeddable":true,"href":"https:\/\/fred-bois.com\/index.php?rest_route=%2Fwp%2Fv2%2Fproduct_cat&post=7181"},{"taxonomy":"product_tag","embeddable":true,"href":"https:\/\/fred-bois.com\/index.php?rest_route=%2Fwp%2Fv2%2Fproduct_tag&post=7181"}],"curies":[{"name":"wp","href":"https:\/\/api.w.org\/{rel}","templated":true}]}}