{"id":7185,"date":"2026-02-23T15:03:28","date_gmt":"2026-02-23T14:03:28","guid":{"rendered":"https:\/\/fred-bois.com\/?post_type=product&#038;p=7185"},"modified":"2026-02-23T15:03:33","modified_gmt":"2026-02-23T14:03:33","slug":"pellet-starforest-palette-de-70-sacs-de-15-kg","status":"publish","type":"product","link":"https:\/\/fred-bois.com\/?product=pellet-starforest-palette-de-70-sacs-de-15-kg","title":{"rendered":"Pellet Starforest \u2013 Palette de 70 sacs de 15 kg"},"content":{"rendered":"\n<h2 class=\"wp-block-heading\">Pellet Starforest \u2013 Palette de 70 sacs de 15 kg<\/h2>\n\n\n\n<p>Les pellets STARFOREST vous offrent une bonne combustion, ils sont parfaits pour les po\u00eales, inserts et chaudi\u00e8res \u00e0 granul\u00e9s.<\/p>\n\n\n\n<p>Ils sont de tr\u00e8s bonne qualit\u00e9 avec un prix tr\u00e8s abordable, en choisissant un pellet Fran\u00e7ais, vous participez \u00e0 la r\u00e9duction de CO2.<\/p>\n\n\n\n<p>Ils sont fabriqu\u00e9s dans l\u2019Est de la France et plus exactement en Champagne Ardenne.<\/p>\n\n\n\n<p>Avec un faible taux de poussi\u00e8res et de cendres et un pouvoir calorifique \u00e9lev\u00e9, vous n\u2019encrasserez pas votre chauffage.<\/p>\n\n\n\n<p>Si vous souhaitez un pellet DIN Plus, 100 % r\u00e9sineux, fabriqu\u00e9 en France, respectueux de l\u2019environnement, avec un sac recyclable aux jolies couleurs, la marque STARFOREST est faite pour vous.<\/p>\n\n\n\n<p>Ce pellet est de tr\u00e8s bonne qualit\u00e9 avec un pouvoir calorifique \u00e9lev\u00e9 &gt;5 kWh\/kg.<\/p>\n\n\n\n<p>C\u2019est pourquoi, choisir ce pellet c\u2019est choisir un pellet peut \u00eatre un peu plus cher mais au final gr\u00e2ce \u00e0 son PCI, vous regagnerez en consommation et en performance et donc vous ferez des \u00e9conomies.<\/p>\n\n\n\n<h3 class=\"wp-block-heading\">Fiche technique<\/h3>\n\n\n\n<figure class=\"wp-block-table\"><table class=\"has-fixed-layout\"><thead><tr><th><strong>Caract\u00e9ristique<\/strong><\/th><th><strong>D\u00e9tail<\/strong><\/th><\/tr><\/thead><tbody><tr><td><strong>Composition<\/strong><\/td><td>100% r\u00e9sineux<\/td><\/tr><tr><td><strong>Certificats<\/strong><\/td><td>DIN Plus<\/td><\/tr><tr><td><strong>Pouvoir calorifique<\/strong><\/td><td>Sup\u00e9rieur \u00e0 5 kWh\/kg<\/td><\/tr><tr><td><strong>Taux d\u2019humidit\u00e9<\/strong><\/td><td>Inf\u00e9rieur \u00e0 10\u202f%<\/td><\/tr><tr><td><strong>Taux de cendres<\/strong><\/td><td>Inf\u00e9rieur \u00e0 0,7\u202f%<\/td><\/tr><tr><td><strong>Taux de poussi\u00e8re<\/strong><\/td><td>Inf\u00e9rieur \u00e0 0,5\u202f%<\/td><\/tr><tr><td><strong>Diam\u00e8tre<\/strong><\/td><td>6 mm<\/td><\/tr><tr><td><strong>Conditionnement<\/strong><\/td><td>Palette<\/td><\/tr><tr><td><strong>Origine<\/strong><\/td><td>France<\/td><\/tr><\/tbody><\/table><\/figure>\n","protected":false},"excerpt":{"rendered":"<p>Pellet Starforest \u2013 Granul\u00e9s 100\u202f% r\u00e9sineux, combustion propre et efficace. Palette de 70 sacs de 15\u202fkg pour un chauffage optimal et durable.<\/p>\n","protected":false},"featured_media":7214,"comment_status":"open","ping_status":"closed","template":"","meta":[],"product_brand":[],"product_cat":[57],"product_tag":[58],"class_list":{"0":"post-7185","1":"product","2":"type-product","3":"status-publish","4":"has-post-thumbnail","6":"product_cat-granules-de-bois-pellets","7":"product_tag-granules-de-bois-pellets","9":"first","10":"instock","11":"shipping-taxable","12":"purchasable","13":"product-type-simple"},"_links":{"self":[{"href":"https:\/\/fred-bois.com\/index.php?rest_route=\/wp\/v2\/product\/7185","targetHints":{"allow":["GET"]}}],"collection":[{"href":"https:\/\/fred-bois.com\/index.php?rest_route=\/wp\/v2\/product"}],"about":[{"href":"https:\/\/fred-bois.com\/index.php?rest_route=\/wp\/v2\/types\/product"}],"replies":[{"embeddable":true,"href":"https:\/\/fred-bois.com\/index.php?rest_route=%2Fwp%2Fv2%2Fcomments&post=7185"}],"wp:featuredmedia":[{"embeddable":true,"href":"https:\/\/fred-bois.com\/index.php?rest_route=\/wp\/v2\/media\/7214"}],"wp:attachment":[{"href":"https:\/\/fred-bois.com\/index.php?rest_route=%2Fwp%2Fv2%2Fmedia&parent=7185"}],"wp:term":[{"taxonomy":"product_brand","embeddable":true,"href":"https:\/\/fred-bois.com\/index.php?rest_route=%2Fwp%2Fv2%2Fproduct_brand&post=7185"},{"taxonomy":"product_cat","embeddable":true,"href":"https:\/\/fred-bois.com\/index.php?rest_route=%2Fwp%2Fv2%2Fproduct_cat&post=7185"},{"taxonomy":"product_tag","embeddable":true,"href":"https:\/\/fred-bois.com\/index.php?rest_route=%2Fwp%2Fv2%2Fproduct_tag&post=7185"}],"curies":[{"name":"wp","href":"https:\/\/api.w.org\/{rel}","templated":true}]}}